the highest common divisor of 7221 and 108083.
29
Calculate the highest common divisor of 383194 and 7041664.
3794
What is the greatest common divisor of 5 and 202246750?
5
What is the greatest common factor of 732 and 5743516?
244
What is the greatest common divisor of 44 and 453548?
4
What is the highest common factor of 47935230 and 3?
3
Calculate the highest common divisor of 11024485 and 5997.
1999
What is the greatest common factor of 19013955 and 9245?
215
What is the highest common factor of 262 and 49452238?
262
What is the greatest common divisor of 446 and 237489202?
446
What is the greatest common factor of 28324 and 4237154?
194
Calculate the greatest common divisor of 1536 and 17769728.
256
What is the greatest common divisor of 5817948 and 132?
12
Calculate the highest common factor of 1926582 and 213738.
294
Calculate the greatest common divisor of 15 and 63655629.
3
Calculate the highest common divisor of 18709884 and 1044.
36
What is the highest common divisor of 6667 and 2001103?
59
Calculate the greatest common divisor of 20533522 and 632.
158
What is the highest common divisor of 68593 and 353832091?
9799
Calculate the highest common divisor of 54774 and 414324.
306
Calculate the highest common divisor of 2321280 and 468.
468
What is the highest common factor of 1722 and 154690458?
246
Calculate the greatest common divisor of 4611994 and 375658.
4526
What is the highest common factor of 42050 and 21095644?
1682
What is the greatest common divisor of 2941774 and 297?
11
Calculate the greatest common divisor of 91096 and 74576.
472
Calculate the greatest common factor of 4385643 and 1377.
51
Calculate the greatest common factor of 18 and 55607922.
18
Calculate the highest common divisor of 595460 and 11780.
380
Calculate the highest common factor of 23658640 and 5.
5
What is the highest common divisor of 13731 and 107364?
69
Calculate the highest common divisor of 1549620 and 41220.
180
Calculate the highest common divisor of 79257 and 211236.
87
Calculate the highest common divisor of 71628 and 4120388.
508
What is the greatest common factor of 17416900 and 100?
100
Calculate the highest common divisor of 6471560 and 320.
40
What is the greatest common divisor of 140 and 3480580?
20
Calculate the greatest common factor of 1090645264 and 9040.
1808
What is the highest common divisor of 1290 and 75977130?
1290
What is the highest common divisor of 495 and 33029535?
165
Calculate the highest common factor of 4590550 and 6400.
50
Calculate the greatest common divisor of 356239 and 4303.
13
Calculate the highest common factor of 440 and 69371500.
220
Calculate the greatest common divisor of 60819093 and 405.
81
Calculate the greatest common divisor of 5236 and 116008.
68
Calculate the greatest common divisor of 65604 and 1639.
11
Calculate the highest common divisor of 117975 and 2270565.
1815
Calculate the highest common factor of 77193 and 15064071.
2859
Calculate the highest common divisor of 2485362 and 110.
22
What is the highest common divisor of 30212 and 446264?
364
Calculate the highest common factor of 1085 and 2642905.
155
Calculate the highest common factor of 7196 and 200956.
28
Calculate the greatest common factor of 30748768 and 80.
16
Calculate the highest common factor of 3914 and 47733908.
206
Calculate the greatest common factor of 9476124 and 1085079.
3489
Calculate the greatest common divisor of 866617 and 230.
23
What is the greatest common factor of 3396281 and 272335?
1757
What is the greatest common factor of 11140017 and 1749?
159
Calculate the greatest common factor of 4366736 and 1804.
44
What is the highest common factor of 36174726 and 1008?
126
Calculate the greatest common divisor of 918636 and 2220.
444
Calculate the greatest common factor of 2200044 and 26796.
924
Calculate the highest common divisor of 17955 and 4893210.
945
Calculate the highest common factor of 37632 and 133632.
768
What is the greatest common factor of 999 and 187407?
27
What is the highest common factor of 60225 and 219291270?
12045
Calculate the greatest common factor of 64236315 and 25025.
715
What is the greatest common divisor of 3538156 and 8604?
956
What is the highest common factor of 5959801 and 82?
41
What is the greatest common factor of 416535301 and 182?
91
Calculate the greatest common divisor of 41219 and 40608.
47
What is the highest common divisor of 3810 and 18317210?
1270
What is the highest common divisor of 33 and 166324246?
11
What is the highest common factor of 811 and 597174173?
811
What is the highest common divisor of 147 and 79271661?
147
What is the highest common divisor of 51203048 and 5304?
1768
What is the highest common factor of 588689 and 15434824?
4297
Calculate the greatest common divisor of 9556944 and 432.
48
What is the highest common factor of 2445 and 48600895?
815
Calculate the highest common divisor of 7220092 and 88.
44
What is the greatest common divisor of 2318430 and 40875?
1635
Calculate the greatest common divisor of 57650080 and 5910.
1970
Calculate the highest common divisor of 138924 and 1385364.
204
Calculate the greatest common divisor of 228194874 and 234.
18
What is the highest common divisor of 1136413 and 5217?
47
What is the highest common divisor of 3319074 and 2013?
33
Calculate the highest common factor of 34602 and 211167.
237
What is the highest common factor of 556 and 554224970?
278
Calculate the highest common divisor of 1978 and 736352038.
1978
What is the highest common factor of 35204 and 64239176?
2708
What is the highest common divisor of 326031035 and 55?
55
What is the highest common factor of 2430 and 28868670?
270
What is the greatest common factor of 175 and 995134?
7
What is the highest common factor of 374181784 and 29632?
3704
What is the highest common divisor of 551548 and 20?
4
Calculate the highest common factor of 5892248 and 1608.
536
What is the greatest common divisor of 11785120 and 1460?
1460
What is the greatest common divisor of 374 and 76078706?
374
What is the greatest common factor of 359757 and 36360?
9
Calculate the highest common factor of 12596250 and 48.
6
Calculate the highest common divisor of 78500 and 19446020.
3140
Calculate the highest common factor of 1166 and 380930.
22
Calculate the highest common divisor of 1342674 and 37636.
194
What is the highest common divisor of 66 and 8861402?
22
What is the greatest common factor of 1250 and 23176250?
1250
Calculate the greatest common factor of 16638 and 180186.
354
Calculate the greatest common divisor of 192 and 46102404.
12
What is the highest common divisor of 20102 and 95773334?
1058
Calculate the highest common factor of 23480001 and 90.
9
What is the highest common factor of 111019695 and 915?
915
Calculate the highest common factor of 228712 and 236848.
904
Calculate the highest common divisor of 6209 and 75161719.
887
What is the highest common divisor of 17 and 20093779?
17
Calculate the greatest common divisor of 226088 and 110448.
472
Calculate the highest common factor of 100558524 and 66.
66
What is the greatest common factor of 80 and 525591830?
10
What is the highest common divisor of 35579152 and 8?
8
What is the highest common divisor of 138 and 15922394?
46
What is the greatest common factor of 5467 and 160310403?
781
Calculate the greatest common divisor of 134456 and 47768.
56
Calculate the greatest common divisor of 396 and 2371842.
198
What is the greatest common divisor of 1210770 and 86823?
99
Calculate the greatest common divisor of 38274 and 2238.
6
What is the highest common factor of 1754 and 20121011?
877
Calculate the highest common factor of 7163170 and 392.
14
What is the highest common divisor of 52251276 and 20510?
4102
Calculate the greatest common factor of 143264 and 6660.
148
What is the highest common divisor of 160742230 and 22?
22
What is the highest common divisor of 190440 and 2000?
40
What is the greatest common factor of 68 and 2850271?
17
What is the highest common divisor of 85261 and 620417?
337
What is the highest common factor of 36 and 98225964?
36
Calculate the greatest common divisor of 4401495 and 4396.
1099
What is the highest common divisor of 586288 and 20528?
16
What is the greatest common divisor of 310 and 72